(l) - 5*d(l). Give x(-7).
110
Let u(h) be the first derivative of -h**3 + 15*h**2/2 - 10*h + 4900. What is u(6)?
-28
Let g(d) be the second derivative of d**5/20 - d**4/3 + d**3 - 2*d**2 - 63*d - 11. Let c be (-18)/(-4) - 1/2. Give g(c).
20
Suppose 2*z - z = 1. Let s(n) = -13 - 2*n - 1 - z. Let l be s(-5). Let q(r) = -r**3 - 6*r**2 - 6*r. Determine q(l).
5
Let w(q) be the first derivative of q**4/4 + 5*q**3/3 - 3*q**2 - 17*q + 4967. Give w(-6).
-17
Let m(q) = 3*q - 41. Let r(i) = -16*i + 206. Let k be r(12). Determine m(k).
1
Let t be (-2 - -4)*30/4. Suppose -5*s + 4*g - 6 = -23, t = 5*s - 5*g. Let d(y) = 2*y - 8. Give d(s).
2
Suppose 5*l = -5*n + 10, n + 30 = 3*l + 16. Let k(g) = 18*g**2 + 1033 - l*g**2 - 1032 - 2*g. Suppose 4*y = -b + 4, -3*y - b = -5*y + 2. Calculate k(y).
13
Let y(o) = -o**2 - 2*o + 0*o**2 - o + 1. Let b be (-64)/(-4)*8/384*-12. What is y(b)?
-3
Let j(w) = 36 - 11 + 0 - 2*w - 2 + 7. Determine j(21).
-12
Let l = -2892 + 2882. Suppose 0 = 2*f + 2*f. Let q(n) = f*n + 15 + n**2 + 11*n + 0*n. What is q(l)?
5
Let j(c) = c**3 + 5*c**2 + 6*c + 6. Let x(w) = 6 - 20*w + 65 + 3 + 7*w. Let o be x(6). Calculate j(o).
-2
Let l(t) be the second derivative of 1/12*t**4 - 2*t**2 + 2*t - 2/3*t**3 + 18. Calculate l(4).
-4
Suppose -219*y + 5*h + 22 = -220*y, 3*h + 42 = y. Let k(s) = s**2 - 24*s + 66. Determine k(y).
-42
Let m(j) = j**2 - 19*j + 36. Let v be m(17). Suppose -q = -y - v*y - 11, -19 = 3*y - 5*q. Let l(u) = 2 + 3 - u**2 - 7 + 4 - 1 - 2*u. Give l(y).
-2
Let n(d) = 2*d + 1 + 3 - 8 - 6 + 9*d**2. Let x(k) = -7*k**2 - 2*k + 8. Let v(l) = -2*n(l) - 3*x(l). Determine v(-3).
17
Let j = 35 - 35. Let u(g) = j + 0 + 124*g - 127*g. Give u(4).
-12
Let u(j) = -3*j - 3. Let v be u(-4). Suppose -3*z + v = -15. Suppose 30 = z*g + 6. Let c(p) = p**3 - 5*p**2 + 3*p + 4. Give c(g).
-5
Let p = -333 + 340. Let v(r) = -r**3 - 10*r + 58 + 4*r**2 + p*r**2 - 56. Determine v(10).
2
Let u(v) = 2*v + 3 + v**2 - 12*v - 9*v + 21*v. What is u(-4)?
11
Let j(k) be the third derivative of k**4/24 - 968*k**2. Let z(b) = -b**2 - 5*b. Let r be z(-5). Calculate j(r).
0
Let f(o) be the second derivative of 7/2*o**2 + 0 - 1/6*o**3 + 71*o. Let p be 1 + (-5)/(10/(-8)). Determine f(p).
2
Let b(j) = 3*j**2 + 17*j + 50. Let m(h) = h**2 + 6*h + 18. Let q(l) = 3*b(l) - 8*m(l). What is q(-8)?
46
Let f(p) = -1 + 10 + 16*p + 2. Let q(v) = 3*v + 2. Let k(h) = 2*f(h) - 11*q(h). Let m(u) = -2*u**2 + 19*u + 123. Let c be m(14). Calculate k(c).
3
Let n(k) be the second derivative of k**4/12 - 5*k**3/6 + k**2/2 - 2*k + 255. Let c be 4/6 - (-10)/3. Give n(c).
-3
Let b(n) be the first derivative of -5/2*n**2 + 51 - 9*n - 1/3*n**3. Suppose -q - i - 11 = 0, 0*q = 3*q - 3*i + 3. Calculate b(q).
-15
Let w(v) = -24*v - 1. Let y = 43 + -38. Suppose -r + 5 = -y*z, -34 = 2*z + r - 32. Determine w(z).
23
Let b(d) = d**3 - 18*d**2 + 6. Let o be (-6)/(-8) - 552/(-32). Calculate b(o).
6
Let o(s) be the third derivative of s**4/4 + 67*s**3/2 + 2305*s**2. Give o(-38).
-27
Let p be (-1)/(-1)*((-12 - -10) + -11 - -15). Let q(y) = y**3 - 7*y**2 + 10*y. Give q(p).
0
Let o = 270278 - 270281. Let y(z) = 7*z**3 + 4*z**2 + 2*z. Let k(r) = -8*r**3 - 4*r**2 - 2*r. Let q(w) = 6*k(w) + 7*y(w). Give q(o).
3
Let o(s) = -2*s - 9*s**3 + 11*s**2 + 11 - 7 + 8*s**3 + 0*s**3 - 7*s**2. Let t = -11 + 23. Suppose -k - 3*k = -t. Give o(k).
7
Let g(k) = 2*k**2 + 247 + 225 - 444 + 46*k. Give g(-22).
-16
Let m(j) = -j**3 + 7*j**2 + 2*j - 8. Let h be m(7). Let a be 0/(-2) - (2 - h). Let s(f) = -745 + 1127 - 4*f - 383 - 4*f**2 + f**3. Give s(a).
-17
Suppose 45 = -5*q + 5*w, -q - 19 = 4*w + 15. Let o(v) = 5*v + 66. What is o(q)?
-4
Let i(z) = -9 - 19 + 2*z**3 - 57*z**2 - z**3 + 5*z + 10*z + 75*z**2. Give i(-17).
6
Let r(i) be the second derivative of -i**5/20 + 11*i**4/12 + i**3/3 - 29*i**2/2 + 3*i + 849. Give r(11).
-7
Let s(f) = -5*f + 62. Let c = 129 - 115. What is s(c)?
-8
Let t(i) = 42 - i**3 - 2*i**2 - 4*i**2 - 38. Suppose -11 + 35 = -4*b. Determine t(b).
4
Let c = 152 + -55. Let r(x) = c - 197 + 3*x + 105. Determine r(-7).
-16
Let s(o) = o - 5. Let l = 89 + -181. Let p = -85 - l. Suppose -9 = 3*z - 3*x, 9 = z + p*x - 12*x. Calculate s(z).
-11
Suppose 0 = 114*t + 88*t. Let i(k) be the second derivative of -k**5/20 + k**4/12 + 7*k**2 + k. Give i(t).
14
Suppose -146*n + 5*z + 17 = -147*n, -2*z = 5*n + 16. Let o(r) = -r**2 + 9*r + 23. Determine o(n).
1
Let q be -4 + -4 + (-44)/(-4). Suppose 7*a = -q*a + 10. Let z(m) = m**3 + m**2 - 1. Let h(k) = 4*k**3 - 4*k**2 + k - 1. Let r(u) = a*h(u) - 5*z(u). Give r(-9).
-5
Let c(l) = -65*l**2 + 2339*l + 42. Let o be c(36). Let m(v) = -3*v**2 + 17*v - 33. What is m(o)?
-39
Let j(h) = -644*h + 19 + 163*h + 500*h. Give j(-3).
-38
Suppose -15 = 3*p, -4*v - 149 = -p - 14. Let a(u) = -u**3 - 21*u**2 - 39*u + 22. Let j be a(-19). Let x = j + v. Let l(c) = c**3 - 6*c**2 - 1. Determine l(x).
-1
Let n(w) = -w**3 + 16*w**2 + 22*w. Let r be n(15). Let x = r + -537. Let f(v) = -v**3 + 18*v**2 - v + 22. Determine f(x).
4
Let f(y) = -1780*y + 5329*y - 1763*y - 1772*y + 4 - y**2. Give f(15).
-11
Suppose -5*o + 6676 - 1686 = -4*q, 2*o - 2*q - 1996 = 0. Let j(m) = 999*m - o*m - 1 + 5. Calculate j(-11).
-7
Let t(r) = -r**2 - r + 2. Let j be t(3). Let w be 6*(-4 + (-35)/j). Let m(g) be the first derivative of -g**4/4 - 4*g**3/3 - g**2/2 + g - 10. Give m(w).
-5
Let r = 231 + -221. Let a(j) = -r*j - 44 + 32 + 0*j - j**2. What is a(-10)?
-12
Let z(p) = p**2 + 8*p - 3. Suppose -4*d + 7 = -1. Let b be -5 + (-5)/10*d. Determine z(b).
-15
Suppose 885 + 13883 = 8*m. Suppose 5*z + 1841 = m. Let l(u) = 3 - 1 - 1 + 14*u**2 - u. Calculate l(z).
14
Let n(s) = -s**3 - 8*s**2 + 4*s - 1. Let i = 169 + -169. Suppose i = -8*m + 24*m + 128. What is n(m)?
-33
Let m = 20 - 16. Suppose -m*p - 2*r + 4 - 2 = 0, 0 = 3*r + 9. Let o(f) = -16*f**2 + f**3 + 18*f**2 - 9*f + 5*f**p. Determine o(-8).
8
Suppose -13 = -3*j + 5*c - 73, 2*j + 3*c = -21. Let z(k) = k**2 + 14*k + 36. Give z(j).
51
Let x(v) = 83*v + 70. Let y be x(3). Let b = y - 320. Let l(w) = 7*w**2 - 3*w - 2. Calculate l(b).
8
Let c(w) = -w**3 - 2*w**2 - 2*w - 1. Let b = -1213 + 1217. Let p = 6 - 3. Suppose 5 + b = -p*s. Determine c(s).
14
Let s(h) be the first derivative of -h**3 + 2*h + 1635. Give s(3).
-25
Let c(g) = -g - 1. Let z(b) = -3*b + 19. Let w(d) = 4*c(d) - z(d). Give w(-12).
-11
Let v(b) = -b**2 - b + 6. Let c = 1711 + -1711. Let r = -2 - -2. Suppose c = -3*x - r*x - 15. What is v(x)?
-14
Let i = -3 + -3. Suppose -w + 5 - 1 = 0, 5*w - 77 = -3*t. Let x(d) = -d**2 - 2 - 25*d + 4 + t*d. Give x(i).
2
Let f(t) = 17*t - 237. Let j(d) = d**2 + 65*d + 369. Let g be j(-6). Give f(g).
18
Let j(d) = 4*d + 2. Let x(a) = 101*a - 5 + 2 - 92*a + 7. Let v(l) = -7*j(l) + 3*x(l). Determine v(-6).
4
Let m be 52/(-78) + (9 - 13)/4*(-5)/3. Let g(l) = -11*l**2 - 1. Let i(k) = 10*k**2 + 1. Let z(p) = -5*g(p) - 6*i(p). What is z(m)?
-6
Let v(k) = -2*k - 12. Let t be v(-7). Suppose 0 = 3*i - 3. Let c(o) = 0 - 2 + 2 - i - 2*o. Give c(t).
-5
Let t(s) = s**3 + 16*s**2 + 15*s + 7. Let x be t(-15). Let z(c) = -4*c**3 - 3*c**3 + 2*c + x*c**3 + 1 - 8*c**3. Give z(-1).
7
Let o(l) = -2*l**2 + 23*l + 6. Let b be o(12). Let t be 6/((1/b)/((-4)/(-36))). Let k(c) = c**2 + 3*c - 6. What is k(t)?
-2
Let o be (58/(-5))/(8/40). Let h = -61 - o. Let f be (6/(-4))/(-3*h/(-6)). Let y(x) = 2*x**3 - x**2 + 2*x - 1. Give y(f).
2
Let n = 0 - -2. Suppose 3*v + 17*u + 32 = 18*u, n*v - 5*u = -43. Let m(b) = -b**2 - 11*b - 12. Give m(v).
6
Let d = 8 - 1. Let s(m) = -10*m**3 - 129*m - 20*m**2 + 11*m**3 - 22*m**2 + 34*m**2 + 135*m - 1. Determine s(d).
-8
Let f(s) be the first derivative of 11*s**2/2 + 6*s - 1050. Determine f(1).
17
Let m(h) = -13*h + 1. Let c(b) = -146*b - 18. Let p(l) = c(l) - 11*m(l). Calculate p(-13).
10
Let z = 85 + -78. Let y be (-2)/z - (96/(-21))/2. Let c(i) = -i**2 + i + 1. Let j(m) = 7*m**2 - 8*m - 6. Let f(v) = 6*c(v) + j(v). What is f(y)?
0
Let n(f) be the third derivative of 118*f**2 + 1/6*f**3 + 0*f + 0 + 1/24*f**4. Determine n(-2).
-1
Let n(f) = f**3 + 5*f**2 + 2*f - 4. Let t be n(-4). Let p(m) be the first derivative of -m**3/3 + 5*m**2/2 - 6*m - 5634. Calculate p(t).
-2
Let u(n) = -n**2 + 3*n + 1. Let i = -1075 + 1087. Let t(c) = -24*c + 282. Let v be t(i). Give u(v).
-53
Let q = 